umber?
True
Is 62099 composite?
False
Is 126943 prime?
True
Is 373 composite?
False
Is 39477 prime?
False
Is 459203 a prime number?
False
Is 2545 a composite number?
True
Is 747763 prime?
True
Is 30829 a prime number?
True
Is 509987 prime?
False
Is 1587787 a prime number?
True
Is 436157 a composite number?
False
Is 3291 composite?
True
Is 737701 composite?
True
Is 105437 composite?
False
Is 1206841 prime?
True
Is 1656407 prime?
False
Is 28129 a prime number?
False
Is 3518291 composite?
True
Is 17383 a composite number?
False
Is 207367 a prime number?
True
Is 106921 composite?
False
Is 31877 prime?
False
Is 215617 a composite number?
False
Is 1799 a composite number?
True
Is 215893 composite?
False
Is 8923 a prime number?
True
Is 28421 a composite number?
True
Is 43219 prime?
False
Is 1681807 prime?
True
Is 8509 prime?
False
Is 17623 a composite number?
False
Is 308027 a prime number?
True
Is 341 composite?
True
Is 194719 a composite number?
True
Is 790861 prime?
True
Is 241555 a prime number?
False
Is 147503 a prime number?
True
Is 18517 a prime number?
True
Is 7789 prime?
True
Is 68311 a composite number?
False
Is 21077 composite?
True
Is 2927 prime?
True
Is 6467 prime?
False
Is 110527 prime?
True
Is 894637 a composite number?
False
Is 173531 composite?
False
Is 41879 a prime number?
True
Is 900709 a prime number?
False
Is 47903 a prime number?
True
Is 635 composite?
True
Is 46601 a composite number?
False
Is 253057 a composite number?
True
Is 87959 composite?
False
Is 47381 a prime number?
True
Is 175811 a composite number?
False
Is 72797 composite?
False
Is 7403 composite?
True
Is 8147 a composite number?
False
Is 64553 prime?
True
Is 4871 composite?
False
Is 2672891 a prime number?
False
Is 83537 a prime number?
True
Is 821783 prime?
False
Is 94273 a prime number?
True
Is 377353 prime?
True
Is 635813 prime?
True
Is 76071 composite?
True
Is 608254 prime?
False
Is 507245 composite?
True
Is 43765 a prime number?
False
Is 29741 a prime number?
True
Is 11483 composite?
False
Is 9967 composite?
False
Is 198743 composite?
True
Is 1149521 prime?
True
Is 82807 a prime number?
False
Is 2819 prime?
True
Is 515 prime?
False
Is 718 prime?
False
Is 44711 composite?
False
Is 12715 a composite number?
True
Is 8727 prime?
False
Is 3595 composite?
True
Is 64765 a composite number?
True
Is 1893 composite?
True
Is 422 a composite number?
True
Is 13 a composite number?
False
Is 163 a prime number?
True
Is 46789 composite?
True
Is 4265 a composite number?
True
Is 201473 a composite number?
False
Is 63577 a composite number?
False
Is 9607 composite?
True
Is 1307821 prime?
True
Is 20681 a prime number?
True
Is 736657 a composite number?
False
Is 17677 prime?
False
Is 100733 prime?
True
Is 6599 a prime number?
True
Is 5189 a composite number?
False
Is 10541 a composite number?
True
Is 396613 composite?
True
Is 91921 composite?
False
Is 181361 composite?
False
Is 261127 a prime number?
True
Is 1529727 a composite number?
True
Is 368857 a composite number?
False
Is 3749 composite?
True
Is 71515 prime?
False
Is 489427 a composite number?
False
Is 24593 prime?
True
Is 186541 a composite number?
True
Is 3967 prime?
True
Is 95869 prime?
True
Is 4957 prime?
True
Is 3595 a composite number?
True
Is 5953 a prime number?
True
Is 2469385 composite?
True
Is 383693 a composite number?
False
Is 966751 composite?
False
Is 156977 prime?
False
Is 23843 composite?
True
Is 50887 a composite number?
True
Is 1211 composite?
True
Is 828431 prime?
True
Is 370597 composite?
False
Is 11053 prime?
False
Is 4373 composite?
False
Is 2067883 a prime number?
True
Is 28195 a composite number?
True
Is 10037 prime?
True
Is 33401 a composite number?
True
Is 64217 a composite number?
False
Is 994811 a prime number?
True
Is 12817 composite?
True
Is 3134 a composite number?
True
Is 2557099 composite?
False
Is 23717 prime?
False
Is 4493 a prime number?
True
Is 53479 composite?
False
Is 1553597 composite?
False
Is 23605 a prime number?
False
Is 196561 prime?
True
Is 4253 a composite number?
False
Is 5919 a prime number?
False
Is 6247 a prime number?
True
Is 60811 a composite number?
False
Is 647413 composite?
True
Is 479939 composite?
False
Is 52477 a prime number?
False
Is 603181 a composite number?
True
Is 97169 a prime number?
True
Is 407401 prime?
True
Is 21799 a composite number?
False
Is 99283 a prime number?
False
Is 99563 composite?
False
Is 134171 composite?
False
Is 5189 a composite number?
False
Is 749 a prime number?
False
Is 15815 prime?
False
Is 35381 composite?
False
Is 1411759 a composite number?
False
Is 95041 composite?
True
Is 3747 a prime number?
False
Is 9923 a prime number?
True
Is 251 a composite number?
False
Is 1713113 a composite number?
True
Is 1481 composite?
False
Is 32957 composite?
False
Is 480127 prime?
False
Is 12097 composite?
False
Is 8962 composite?
True
Is 21053 a prime number?
False
Is 27883 a composite number?
False
Is 12143 composite?
False
Is 39439 composite?
False
Is 107891 prime?
False
Is 6184285 prime?
False
Is 117745 prime?
False
Is 2389 a prime number?
True
Is 42481 composite?
True
Is 118113 prime?
False
Is 5899 a prime number?
False
Is 1322671 a composite number?
True
Is 14047 a composite number?
True
Is 2237 composite?
False
Is 839 a prime number?
True
Is 3102391 a composite number?
True
Is 382427 prime?
True
Is 95461 composite?
False
Is 268717 prime?
False
Is 29789 a prime number?
True
Is 373339 composite?
False
Is 515159 prime?
False
Is 31859 a prime number?
True
Is 244649 a composite number?
True
Is 9233 a prime number?
False
Is 901 composite?
True
Is 123787 composite?
False
Is 306959 composite?
True
Is 525633 a composite number?
True
Is 9871 a prime number?
True
Is 23347 composite?
True
Is 288349 a prime number?
True
Is 154091 composite?
True
Is 140037 a composite number?
True
Is 35759 composite?
False
Is 1306 composite?
True
Is 4321 a composite number?
True
Is 153967 a composite number?
True
Is 184279 a composite number?
False
Is 1465 composite?
True
Is 42118 a composite number?
True
Is 97117 a composite number?
False
Is 17237 composite?
True
Is 5807 a prime number?
True
Is 884605 prime?
False
Is 1847 composite?
False
Is 27905 a prime number?
False
Is 27831 a composite number?
True
Is 6989 a prime number?
False
Is 24011 a prime number?
False
Is 851815 composite?
True
Is 185729 a composite number?
True
Is 479 composite?
False
Is 20141 composite?
True
Is 32561 composite?
False
Is 13343 a prime number?
False
Is 36847 a composite number?
False
Is 59351 prime?
True
Is 247 composite?
True
Is 9094 a prime number?
False
Is 24155 prime?
False
Is 49843 a prime number?
True
Is 18111 a prime number?
False
Is 435419 composite?
False
Is 77711 a prime number?
True
Is 205217 a composite number?
True
Is 9791 composite?
False
Is 4666 composite?
True
Is 124897 prime?
True
Is 2939 a composite number?
False
Is 14401 a composite number?
False
Is 217817 a composite number?
True
Is 6359 a composite number?
False
Is 59557 prime?
True
Is 10249 a composite number?
True
Is 895393 prime?
True
Is 9683 composite?
True
Is 752513 prime?
True
Is 3834733 prime?
False
Is 973151 a composite number?
False
Is 136977 composite?
True
Is 342941 prime?
False
Is 693919 a prime number?
False
Is 6841 composite?
False
Is 9491 a composite number?
False
Is 118117 composite?
True
Is 418955 a prime number?
False
Is 1687 composite?
True
Is 6757 a prime number?
False
Is 117937 prime?
True
Is 26797 a composite number?
True
Is 309977 composite?
False
Is 7151 a composite number?
False
Is 69623 prime?
True
Is 247613 composite?
False
Is 302023 composite?
True
Is 4971 a composite number?
True
Is 32709 prime?
False
Is 2812801 a composite number?
False
Is 1088569 composite?
False
Is 16051 a prime number?
False
Is 1334233 a composite number?
False
Is 1262 a prime number?
False
Is 416029 a prime number?
False
Is 717491 a composite number?
False
Is 71371 prime?
False
Is 250889 prime?
True
Is 113431 prime?
False
Is 972661 a composite number?
False
Is 1499 composite?
False
Is 36607 a prime number?
True
Is 695829 composite?
True
Is 204233 composite?
False
Is 177605 a composite number?
True
Is 78341 a prime number?
True
Is 22303 prime?
True
Is 7993 a prime number?
True
Is 136193 a composite number?
False
Is 7174